+ 4*w - 446 = 0, 17*o - 16*o + w = 443. Let d = o + j. What is the remainder when d is divided by 52?
49
Suppose 36 + 305 + 37 = 126*h. Let z = 1423 + -950. Suppose 5*k = h*w - z + 190, -3*k = -5*w + 493. What is the remainder when w is divided by 26?
23
Let l = 1688 - 1502. Calculate the remainder when l is divided by 46.
2
Let t(q) = 2*q**2 + 32*q + 384. Calculate the remainder when t(-19) is divided by 259.
239
Let g(m) = -33*m - 34. Let b be g(-6). Suppose 0 = -12*h + 376 + b. What is the remainder when 312 is divided by h?
42
Suppose -3*l + 1833 = -3*y - 6*l, 0 = 4*y - 4*l + 2436. Calculate the remainder when (7 - y)*1 - -4 is divided by 104.
101
Let y = 634 + -219. Calculate the remainder when y is divided by 104.
103
Suppose -1962 = -41*a + 32*a. Suppose -225*b + a*b + 56 = 0. Calculate the remainder when b is divided by (-1 - 0)/((-2)/12).
2
Let s = -502 + 504. What is the remainder when -1*(-1)/(-2)*-48 is divided by 1/s - 1 - (-99)/6?
8
Let s = -764 - -767. Suppose -26*z - 578 = -2372. Calculate the remainder when z is divided by s.
0
Suppose 5*i - 17*b = 1935, -i - 3*b + 385 = -6*b. What is the remainder when i is divided by 25?
20
Let c = 729 - 709. Calculate the remainder when 26 is divided by c.
6
Suppose -9*j = -5*f - 12*j - 1846, -2*f = 2*j + 740. Calculate the remainder when (1129/8)/1 + 46/f is divided by 13.
11
Suppose 0 = -62*x + 1268 - 86 + 3902. What is the remainder when 373 is divided by x?
45
Let n = -4552 - -10394. Calculate the remainder when n is divided by 79.
75
Let p(z) = z**3 - 54*z**2 + 338*z + 8. Let r be (-3)/(-6) + (-93)/(-6). Let s = r + 8. Calculate the remainder when p(7) is divided by s.
23
Let k(r) = -22*r**2 + 2*r - 9. Let u be k(-3). Calculate the remainder when 208 is divided by u/(-15) + 2/(-10).
12
Let y(k) = -603*k**2 - 3*k + 3. Let c be y(2). Suppose -14*t - 93 = 47. What is the remainder when (-4)/t + c/(-25) + 1 is divided by 25?
23
Let w = 7 - 5. Suppose w*p = -0*p + 164. Calculate the remainder when p is divided by (-7)/(-14)*-14*12/(-7).
10
Let o = 0 + -4. Let r = -7608 + 7629. Calculate the remainder when (-2)/(-4) + (-330)/o is divided by r.
20
Let c(o) = 12*o**2 - 383*o - 1121. What is the remainder when c(-3) is divided by (4 - 1)/((-3)/(-45))?
1
Suppose -7*b + 40 = -8*b. Let i(x) = x**3 + 13*x**2 + 3*x + 8. What is the remainder when i(-12) is divided by (b/(-16))/(2/24)?
26
Suppose 2*l - 73 = -5*o, 3*l = -6 + 18. Suppose t = -2*t + 189. Suppose -t = -4*h + o. Calculate the remainder when 67 is divided by h.
10
Let u = 421 + -175. Suppose 253*g - u*g = 1190. What is the remainder when g is divided by 25?
20
Suppose -3*a - 59 + 227 = 0. Suppose 6*y + a = 20*y. What is the remainder when 11 is divided by y?
3
Suppose 161*r - 3946 - 5254 = -69*r. Let p be (-1 - 2)/((-3)/(-200)). What is the remainder when r is divided by p/(-14) - (-12)/(-42)?
12
Let x(a) = -a**2 - 11*a + 17. Let w be (48/6 - 8) + (87 - -1). Let t = -97 + w. Calculate the remainder when x(t) is divided by 13.
9
Let o be (3 + -1)*-2*(-1)/(-2). Let n be (o + 3 + -4)/(-3). What is the remainder when 20 + ((-2)/(-8))/(n/(-4)) is divided by 6?
1
Let x(h) = 13*h**3 - 75*h**2 - 14*h + 22. What is the remainder when 4505 is divided by x(6)?
43
Suppose 1246 = 3*a + 214. Calculate the remainder when a is divided by 29.
25
Let j be (-91)/(-26)*(-1 + 93/21). Suppose 10*m = -a + 5*m + j, -5*a + 106 = 2*m. Calculate the remainder when 126 is divided by a.
16
Let b(q) = q**3 - 5*q**2 - 2*q - 7. Suppose -76 + 51 = -5*u. Let c be b(u). Let s = c + 51. What is the remainder when s is divided by 12?
10
Let w = -83 - -346. Let j = w - 252. What is the remainder when 63 is divided by j?
8
Let f(b) = b**3 - 17*b**2 - 72*b - 83. Calculate the remainder when f(21) is divided by 82.
5
Let t = 124 + -65. Let w = t + -48. Suppose -88 = -w*p - 0*p. What is the remainder when 31 is divided by p?
7
Suppose -620*m = -618*m - 478. What is the remainder when m is divided by (8/10)/(14/700)?
39
Let j be (14/(-8))/((-10)/(-240)). What is the remainder when 87 is divided by 7*3/j*80/(-5)?
7
Calculate the remainder when 1313 is divided by (6 - 432/63)*6/9*-469.
241
Let d = 954 - 950. Suppose -3*p + 19 = 22, -64 = -d*j + 4*p. Let n = -33 + 61. Calculate the remainder when n is divided by j.
13
Let k be (3/6)/((-3)/204). Let z = 29 - k. Let b = -59 + z. What is the remainder when 13 is divided by b?
1
Let t be (-11)/22 + 33/2. Suppose 0 = 21*i - t*i - 310. Calculate the remainder when i is divided by 16.
14
Let h(m) = m**2 - 21*m - 18. Let x be (-1 + 1)/(-2 + 4) - -22. Let q be h(x). What is the remainder when -2 - (-88)/9 - q/(-18) is divided by 1?
0
Let x = 83 + -49. Let m = -17 + x. What is the remainder when m is divided by (-1*1/8)/((-10)/(-1120)*-2)?
3
Let q = 6828 - 6759. What is the remainder when 195 is divided by q?
57
Let q(c) = -5*c + 74. Calculate the remainder when 110 + 4 + -2 + 3 is divided by q(14).
3
Let f(n) = -176*n**3 + 2*n**2 + 15*n + 20. Calculate the remainder when f(-3) is divided by 47.
45
Let r(f) = -8*f**2 + 59*f - 56. Let y = 479 + -232. Calculate the remainder when y is divided by r(6).
7
Let g = -113 - -228. Let b = 207 - 203. Suppose 2*u + u - 19 = -b*f, -f - 5 = 0. Calculate the remainder when g is divided by u.
11
Let v = 2100 - 1885. What is the remainder when 666 is divided by v?
21
Let c(j) = -3456*j + 1371. What is the remainder when c(-1) is divided by 161?
158
Suppose o + 17*v - 12*v = 1039, 3*v = -2*o + 2043. Calculate the remainder when o is divided by 35.
34
Let d = -15611 - -15819. What is the remainder when 830 is divided by d?
206
Let j(p) = p + 141. Let q be j(-11). Let r = 157 - q. What is the remainder when (64/6)/(6/45) is divided by r?
26
Suppose -3384 = -28*u + 16*u. Suppose -5*w - 3*c + 432 = -u, -4*w + 4*c = -584. What is the remainder when w is divided by 34?
8
Let w = -82 - -144. Let s = w - 62. Suppose 3*m = 6, s = 5*q + 2*m + 6 - 175. Calculate the remainder when 129 is divided by q.
30
Let z be (-3 - (-76)/4) + 0. Suppose 5*x + 59 = -0*p + p, -3*x + 19 = p. Let f = p - z. What is the remainder when 34 is divided by f?
16
Suppose -25*l = l - l - 1075. What is the remainder when 209 is divided by l?
37
Let c(h) be the second derivative of h**4/4 + 7*h**3/6 - 4*h**2 + 15*h. What is the remainder when 171 is divided by c(-6)?
55
Let u = -14514 - -14519. What is the remainder when 722 is divided by u?
2
Suppose 83*y = -2*n + 79*y + 2, -83 = -5*n + 3*y. Calculate the remainder when 13623 is divided by n.
12
Suppose 6*u - 558 = -12*u. Let p = -14 + u. Calculate the remainder when 24 is divided by p.
7
Suppose 0 = 5*w - 5, 4*s + 6*w = 9*w - 39. Let u(y) = y**3 + 6*y**2 - 29*y + 12. What is the remainder when 131 is divided by u(s)?
11
Let o be (-18)/(-45) - 8/(-5). Suppose o = 163*g - 164*g. Calculate the remainder when (186/(-4) + 5)*g is divided by 21.
20
Suppose 3*v + 90 = -5*j + 234, -2*j + 96 = 2*v. Let h = -1 - v. Let o = h + 70. Calculate the remainder when o is divided by 6.
3
Let y = -37 + 61. What is the remainder when (8/(-20))/((-5)/725) is divided by y?
10
Let x = 11 + -2. What is the remainder when 96 - 13/117*-9 is divided by x?
7
Let g = 344 - 238. Let o = g - 58. Let b = 1027 - 1014. What is the remainder when o is divided by b?
9
Let z(h) = -2*h**2 - h + 2. Let l(s) = -3*s + 25. Let b be l(9). Let k be z(b). Let d = k + 16. Calculate the remainder when 38 is divided by d.
2
Let l(t) = t**3 - 3*t**2 + 2*t + 6. Let d be l(0). Calculate the remainder when 147 is divided by (86 + -8 + d)/2.
21
Let y(j) = -j + 15. Let f(a) = -a**2 + 7*a + 1. Let c be f(6). Let m = -74010 + 74015. Calculate the remainder when y(c) is divided by m.
3
Let k be (-2397)/(3*(-2)/4). Suppose -10*a + 1382 = -k. Calculate the remainder when a is divided by 43.
40
Suppose 457*o = 460*o - 18. Suppose 2*s - 25 = 3*b, 2*s - b - 21 = -o. What is the remainder when 87 is divided by s?
2
Let x be ((-57)/2)/(6/16). Suppose 0 = -4*v + 5*u + 220, -82*v = -81*v - 2*u - 55. Calculate the remainder when v is divided by x/(-8) - (-2)/4.
5
Suppose -2*p - 2*u - 108 = -0*u, p = 5*u - 42. What is the remainder when (-2 + 141/(-6))*p/6 is divided by 75?
71
Suppose -144 = -2981*v + 2973*v. What is the remainder when 88 is divided by v?
16